147.
49
Calculate the greatest common factor of 60025 and 7.
7
What is the highest common divisor of 210 and 16870?
70
Calculate the greatest common factor of 396 and 102.
6
What is the highest common factor of 18 and 2673?
9
Calculate the greatest common divisor of 740 and 60.
20
What is the highest common divisor of 4642 and 22?
22
What is the greatest common factor of 1005 and 12?
3
Calculate the greatest common factor of 1121 and 59.
59
What is the highest common factor of 40000 and 960?
320
Calculate the highest common factor of 799 and 94.
47
What is the highest common divisor of 204 and 36?
12
What is the highest common divisor of 507 and 3?
3
Calculate the greatest common divisor of 32 and 112.
16
What is the highest common factor of 150 and 40?
10
What is the highest common factor of 74 and 37?
37
Calculate the greatest common divisor of 14 and 301.
7
Calculate the highest common factor of 1269 and 47.
47
What is the greatest common divisor of 33 and 44?
11
Calculate the greatest common factor of 381 and 1016.
127
Calculate the highest common divisor of 4275 and 342.
171
What is the highest common divisor of 2569 and 7?
7
What is the highest common divisor of 23 and 1196?
23
What is the greatest common divisor of 33 and 759?
33
What is the greatest common factor of 39 and 21?
3
Calculate the highest common factor of 1084 and 36.
4
Calculate the greatest common factor of 2030 and 10.
10
Calculate the highest common factor of 1568 and 96.
32
What is the greatest common divisor of 160 and 126240?
160
What is the greatest common factor of 741 and 39?
39
Calculate the highest common factor of 145 and 155.
5
Calculate the highest common factor of 6 and 15.
3
What is the greatest common divisor of 171 and 228?
57
What is the greatest common divisor of 82 and 1353?
41
Calculate the highest common factor of 7783 and 43.
43
What is the highest common divisor of 144 and 135?
9
What is the greatest common factor of 1185 and 60?
15
What is the highest common divisor of 735 and 1225?
245
What is the highest common factor of 1711 and 580?
29
What is the greatest common factor of 729 and 9?
9
Calculate the greatest common divisor of 533 and 39.
13
What is the highest common divisor of 225 and 6585?
15
What is the greatest common divisor of 918 and 34?
34
What is the greatest common divisor of 903 and 645?
129
What is the highest common factor of 6 and 768?
6
Calculate the greatest common divisor of 615 and 60.
15
What is the greatest common factor of 1106 and 126?
14
What is the highest common factor of 5 and 35?
5
Calculate the highest common divisor of 17 and 221.
17
Calculate the greatest common factor of 5 and 13.
1
What is the highest common divisor of 663 and 204?
51
Calculate the highest common divisor of 30 and 105.
15
Calculate the greatest common factor of 125 and 500.
125
What is the highest common factor of 3772 and 533?
41
Calculate the greatest common divisor of 85 and 120.
5
What is the highest common factor of 3159 and 117?
117
What is the highest common divisor of 935 and 165?
55
What is the highest common divisor of 475 and 57?
19
What is the greatest common divisor of 206 and 10506?
206
What is the highest common factor of 47 and 470?
47
What is the highest common divisor of 2491 and 106?
53
Calculate the greatest common factor of 1670 and 120.
10
What is the highest common divisor of 210 and 5730?
30
Calculate the highest common divisor of 268 and 64.
4
Calculate the highest common divisor of 1035 and 115.
115
Calculate the highest common divisor of 60 and 32.
4
What is the highest common factor of 78 and 351?
39
Calculate the highest common factor of 39 and 4329.
39
What is the highest common divisor of 91 and 623?
7
What is the greatest common divisor of 8075 and 1938?
323
What is the highest common factor of 376 and 1034?
94
Calculate the highest common factor of 1075 and 50.
25
What is the greatest common factor of 22902 and 66?
66
What is the highest common factor of 605 and 275?
55
What is the highest common divisor of 24 and 4332?
12
Calculate the greatest common factor of 17630 and 82.
82
Calculate the highest common factor of 32 and 1376.
32
What is the greatest common factor of 26 and 6?
2
What is the greatest common factor of 24 and 2556?
12
Calculate the greatest common divisor of 81 and 3.
3
Calculate the greatest common factor of 100 and 1250.
50
What is the highest common divisor of 20 and 128?
4
What is the highest common factor of 264 and 1232?
88
What is the highest common divisor of 297 and 27?
27
Calculate the highest common factor of 50 and 350.
50
Calculate the highest common factor of 10 and 22930.
10
Calculate the highest common divisor of 1887 and 2775.
111
Calculate the highest common divisor of 88 and 72.
8
Calculate the highest common divisor of 192 and 120.
24
What is the highest common factor of 48 and 2388?
12
Calculate the highest common factor of 9876 and 12.
12
What is the greatest common factor of 1100 and 880?
220
Calculate the greatest common factor of 8 and 52.
4
What is the greatest common divisor of 43 and 43?
43
What is the greatest common divisor of 52 and 117?
13
What is the highest common factor of 13432 and 138?
46
Calculate the highest common factor of 5584 and 272.
16
What is the highest common divisor of 10 and 425?
5
Calculate the highest common factor of 168 and 1533.
21
What is the highest common divisor of 32 and 144?
16
What is the highest common factor of 1178 and 133?
19
Calculate the greatest common factor of 17 and 391.
17
What is the highest common divisor of 22 and 902?
22
What is the greatest common factor of 63 and 147?
21
Calculate the highest common factor of 64 and 41152.
64
What is the greatest common factor of 4356 and 4?
4
What is the greatest common divisor of 64 and 2048?
64
What is the greatest common divisor of 1397 and 11?
11
What is the greatest common divisor of 145 and 25?
5
What is the highest common factor of 107 and 2033?
107
What is the greatest common factor of 540 and 6264?
108
What is the highest common divisor of 36 and 408?
12
Calculate the greatest common factor of 280 and 21.
7
Calculate the greatest common divisor of 2059 and 213.
71
What is the highest common factor of 4592 and 2576?
112
What is the greatest common divisor of 4292 and 232?
116
Calculate the highest common divisor of 17856 and 155.
31
Calculate the highest common factor of 4692 and 72.
12
Calculate the highest common factor of 26 and 130.
26
What is the highest common factor of 96 and 792?
24
What is the greatest common factor of 46 and 1242?
46
Calculate the greatest common factor of 1107 and 54.
27
Calculate the highest common factor of 267 and 623.
89
What is the highest common factor of 15520 and 5?
5
Calculate the greatest common factor of 16 and 304.
16
Calculate the highest common factor of 1256 and 4.
4
Calculate the highest common factor of 2795 and 520.
65
Calculate the highest common divisor of 6528 and 714.
102
Calculate the greatest common divisor of 136 and 2584.
136
Calculate the highest common divisor of 184 and 46.
46
Calculate the highest common factor of 420 and 406.
14
Calculate the greatest common divisor of 3215 and 5.
5
What is the greatest common factor of 12 and 300?
12
What is the greatest common divisor of 46 and 6141?
23
What is the highest common factor of 154 and 378?
14
What is the highest common divisor of 225 and 7500?
75
What is the greatest common divisor of 144 and 2232?
72
Calculate the greatest common divisor of 48 and 256.
16
Calculate the greatest common divisor of 20570 and 850.
170
Calculate the greatest common divisor of 9 and 291.
3
Calculate the highest common divisor of 24 and 8328.
24
Calculate the greatest common divisor of 14 and 3262.
14
Calculate the greatest common divisor of 3592 and 8.
8
What is the highest common divisor of 361 and 171?
19
Calculate the greatest common divisor of 226 and 11752.
226
What is the greatest common factor of 10500 and 140?
140
Calculate the greatest common factor of 490 and 10.
10
What is the highest common factor of 1189 and 551?
29
What is the highest common factor of 110 and 930?
10
What is the highest common factor of 13 and 923?
13
Calculate the highest common divisor of 504 and 322.
14
